s divided by 90.
88
What is the remainder when 346 is divided by 10?
6
Calculate the remainder when 1005 is divided by 84.
81
Calculate the remainder when 392 is divided by 9.
5
What is the remainder when 115 is divided by 80?
35
Calculate the remainder when 54 is divided by 39.
15
What is the remainder when 246 is divided by 125?
121
Calculate the remainder when 19563 is divided by 6.
3
Calculate the remainder when 35 is divided by 10.
5
Calculate the remainder when 373 is divided by 85.
33
Calculate the remainder when 489 is divided by 19.
14
Calculate the remainder when 297 is divided by 89.
30
What is the remainder when 2053 is divided by 62?
7
Calculate the remainder when 136 is divided by 76.
60
What is the remainder when 139 is divided by 15?
4
What is the remainder when 70 is divided by 31?
8
Calculate the remainder when 30 is divided by 25.
5
Calculate the remainder when 371 is divided by 168.
35
What is the remainder when 538 is divided by 66?
10
Calculate the remainder when 468 is divided by 89.
23
What is the remainder when 309 is divided by 26?
23
Calculate the remainder when 594 is divided by 35.
34
Calculate the remainder when 145 is divided by 32.
17
What is the remainder when 942 is divided by 21?
18
Calculate the remainder when 855 is divided by 217.
204
What is the remainder when 923 is divided by 58?
53
What is the remainder when 814 is divided by 19?
16
What is the remainder when 582 is divided by 15?
12
What is the remainder when 93 is divided by 47?
46
What is the remainder when 287 is divided by 32?
31
What is the remainder when 38 is divided by 38?
0
Calculate the remainder when 339 is divided by 49.
45
What is the remainder when 400 is divided by 28?
8
Calculate the remainder when 7587 is divided by 7.
6
Calculate the remainder when 4000 is divided by 999.
4
What is the remainder when 2207 is divided by 130?
127
What is the remainder when 8376 is divided by 254?
248
Calculate the remainder when 488 is divided by 131.
95
Calculate the remainder when 323 is divided by 65.
63
Calculate the remainder when 289 is divided by 98.
93
What is the remainder when 520 is divided by 110?
80
What is the remainder when 111 is divided by 58?
53
Calculate the remainder when 1510 is divided by 256.
230
What is the remainder when 118 is divided by 11?
8
What is the remainder when 181 is divided by 26?
25
Calculate the remainder when 191 is divided by 101.
90
Calculate the remainder when 2679 is divided by 178.
9
What is the remainder when 35 is divided by 3?
2
Calculate the remainder when 554 is divided by 51.
44
What is the remainder when 118 is divided by 21?
13
What is the remainder when 185 is divided by 103?
82
Calculate the remainder when 34 is divided by 20.
14
Calculate the remainder when 33010 is divided by 28.
26
Calculate the remainder when 2842 is divided by 73.
68
Calculate the remainder when 272 is divided by 31.
24
What is the remainder when 11394 is divided by 139?
135
What is the remainder when 159 is divided by 71?
17
Calculate the remainder when 27 is divided by 10.
7
What is the remainder when 569 is divided by 48?
41
What is the remainder when 884 is divided by 73?
8
Calculate the remainder when 513 is divided by 260.
253
Calculate the remainder when 408 is divided by 396.
12
What is the remainder when 583 is divided by 192?
7
Calculate the remainder when 524 is divided by 27.
11
Calculate the remainder when 282 is divided by 100.
82
Calculate the remainder when 1022 is divided by 330.
32
Calculate the remainder when 112 is divided by 10.
2
What is the remainder when 955 is divided by 96?
91
Calculate the remainder when 273 is divided by 65.
13
Calculate the remainder when 3624 is divided by 1810.
4
What is the remainder when 70519 is divided by 215?
214
What is the remainder when 180 is divided by 26?
24
Calculate the remainder when 692 is divided by 21.
20
What is the remainder when 90 is divided by 54?
36
Calculate the remainder when 97 is divided by 35.
27
What is the remainder when 419 is divided by 414?
5
Calculate the remainder when 1486 is divided by 219.
172
What is the remainder when 453 is divided by 77?
68
What is the remainder when 6263 is divided by 13?
10
Calculate the remainder when 71 is divided by 4.
3
Calculate the remainder when 332 is divided by 13.
7
What is the remainder when 434 is divided by 21?
14
Calculate the remainder when 4328 is divided by 255.
248
Calculate the remainder when 509 is divided by 86.
79
What is the remainder when 93 is divided by 34?
25
Calculate the remainder when 38 is divided by 11.
5
What is the remainder when 1757 is divided by 6?
5
Calculate the remainder when 1015 is divided by 101.
5
What is the remainder when 46 is divided by 27?
19
What is the remainder when 441 is divided by 220?
1
What is the remainder when 844 is divided by 71?
63
Calculate the remainder when 247 is divided by 247.
0
Calculate the remainder when 89 is divided by 15.
14
Calculate the remainder when 843 is divided by 18.
15
Calculate the remainder when 93 is divided by 77.
16
Calculate the remainder when 291 is divided by 60.
51
Calculate the remainder when 1888 is divided by 90.
88
Calculate the remainder when 114 is divided by 29.
27
What is the remainder when 51951 is divided by 14?
11
What is the remainder when 1483 is divided by 11?
9
What is the remainder when 6814 is divided by 71?
69
What is the remainder when 878 is divided by 170?
28
What is the remainder when 15586 is divided by 10?
6
Calculate the remainder when 3341 is divided by 11.
8
Calculate the remainder when 149 is divided by 47.
8
Calculate the remainder when 6684 is divided by 65.
54
What is the remainder when 1731 is divided by 51?
48
Calculate the remainder when 411 is divided by 144.
123
What is the remainder when 3496 is divided by 66?
64
Calculate the remainder when 236 is divided by 21.
5
Calculate the remainder when 1532 is divided by 64.
60
Calculate the remainder when 170 is divided by 28.
2
Calculate the remainder when 166 is divided by 15.
1
What is the remainder when 616 is divided by 78?
70
What is the remainder when 3058 is divided by 110?
88
What is the remainder when 105 is divided by 4?
1
What is the remainder when 846 is divided by 80?
46
What is the remainder when 458 is divided by 42?
38
Calculate the remainder when 999 is divided by 7.
5
Calculate the remainder when 520 is divided by 233.
54
Calculate the remainder when 907 is divided by 58.
37
Calculate the remainder when 1772 is divided by 71.
68
What is the remainder when 23329 is divided by 101?
99
Calculate the remainder when 843 is divided by 254.
81
What is the remainder when 151 is divided by 9?
7
Calculate the remainder when 185 is divided by 19.
14
Calculate the remainder when 65 is divided by 4.
1
What is the remainder when 593 is divided by 66?
65
What is the remainder when 1033 is divided by 61?
57
What is the remainder when 310 is divided by 8?
6
Calculate the remainder when 336 is divided by 108.
12
What is the remainder when 59 is divided by 57?
2
Calculate the remainder when 252 is divided by 51.
48
Calculate the remainder when 310 is divided by 63.
58
Calculate the remainder when 309 is divided by 75.
9
What is the remainder when 6207 is divided by 69?
66
Calculate the remainder when 279 is divided by 146.
133
Calculate the remainder when 111 is divided by 17.
9
Calculate the remainder when 1963 is divided by 131.
129
What is the remainder when 432 is divided by 406?
26
Calculate the remainder when 775 is divided by 131.
120
Calculate the remainder when 175 is divided by 10.
5
Calculate the remainder when 454 is divided by 32.
6
Calculate the remainder when 1103 is divided by 5.
3
What is the remainder when 787 is divided by 199?
190
What is the remainder when 699 is divided by 70?
69
Calculate the remainder when 331 is divided by 9.
7
Calculate the remainder when 493 is divided by 9.
7
What is the remainder when 5846 is divided by 68?
66
Calculate the remainder when 1649 is divided by 55.
54
What is the remainder when 172 is divided by 32?
12
Calculate the remainder when 400 is divided by 214.
186
What is the remainder when 32 is divided by 29?
3
What is the remainder when 155 is divided by 53?
49
What is the remainder when 5838